{"id":65,"date":"2018-06-19T15:50:37","date_gmt":"2018-06-19T13:50:37","guid":{"rendered":"https:\/\/muehlemattersa.ch\/geschichte\/"},"modified":"2018-06-19T15:50:45","modified_gmt":"2018-06-19T13:50:45","slug":"geschichte","status":"publish","type":"page","link":"https:\/\/muehlemattersa.ch\/de\/geschichte\/","title":{"rendered":"Geschichte"},"content":{"rendered":"\n<style type=\"text\/css\" data-created_by=\"avia_inline_auto\" id=\"style-css-av-3rz5l-c5b317cf254ae660e8a9ccac0d86788b\">\n.flex_column.av-3rz5l-c5b317cf254ae660e8a9ccac0d86788b{\nborder-radius:0px 0px 0px 0px;\npadding:0px 0px 0px 0px;\n}\n<\/style>\n<div  class='flex_column av-3rz5l-c5b317cf254ae660e8a9ccac0d86788b av_one_full  avia-builder-el-0  el_before_av_one_third  avia-builder-el-first  first flex_column_div av-zero-column-padding  '     ><style type=\"text\/css\" data-created_by=\"avia_inline_auto\" id=\"style-css-av-jiljvwdp-151e4cb54029428bc2c88ca6f1e1760e\">\n#top .av-special-heading.av-jiljvwdp-151e4cb54029428bc2c88ca6f1e1760e{\npadding-bottom:10px;\n}\nbody .av-special-heading.av-jiljvwdp-151e4cb54029428bc2c88ca6f1e1760e .av-special-heading-tag .heading-char{\nfont-size:25px;\n}\n.av-special-heading.av-jiljvwdp-151e4cb54029428bc2c88ca6f1e1760e .av-subheading{\nfont-size:15px;\n}\n<\/style>\n<div  class='av-special-heading av-jiljvwdp-151e4cb54029428bc2c88ca6f1e1760e av-special-heading-h3  avia-builder-el-1  avia-builder-el-no-sibling '><h3 class='av-special-heading-tag '  itemprop=\"headline\"  >Geschichte der Firma M\u00fchlematter SA<\/h3><div class=\"special-heading-border\"><div class=\"special-heading-inner-border\"><\/div><\/div><\/div><\/div>\n<style type=\"text\/css\" data-created_by=\"avia_inline_auto\" id=\"style-css-av-39ced-11fb856b48fd27fcbb8dc552d11470da\">\n.flex_column.av-39ced-11fb856b48fd27fcbb8dc552d11470da{\nborder-radius:0px 0px 0px 0px;\npadding:0px 0px 0px 0px;\n}\n<\/style>\n<div  class='flex_column av-39ced-11fb856b48fd27fcbb8dc552d11470da av_one_third  avia-builder-el-2  el_after_av_one_full  el_before_av_one_third  first flex_column_div av-zero-column-padding  column-top-margin'     ><section  class='av_textblock_section av-jiljwdos-35b2803df88267289f30b10a5f059e3e '   itemscope=\"itemscope\" itemtype=\"https:\/\/schema.org\/CreativeWork\" ><div class='avia_textblock'  itemprop=\"text\" ><h3><span style=\"color: #189ce8;\">2008<\/span><\/h3>\n<p>Zogen die neuen Inhaber von der Alexander-Moserstrasse 72 an den Zionsweg 36, wo sich heute der neue Gesch\u00e4ftssitz befindet.<\/p>\n<\/div><\/section><\/div>\n<style type=\"text\/css\" data-created_by=\"avia_inline_auto\" id=\"style-css-av-2jy4h-e9608fc054f527fabba3a303107ec26c\">\n.flex_column.av-2jy4h-e9608fc054f527fabba3a303107ec26c{\nborder-radius:0px 0px 0px 0px;\npadding:0px 0px 0px 0px;\n}\n<\/style>\n<div  class='flex_column av-2jy4h-e9608fc054f527fabba3a303107ec26c av_one_third  avia-builder-el-4  el_after_av_one_third  el_before_av_one_third  flex_column_div av-zero-column-padding  column-top-margin'     ><section  class='av_textblock_section av-jiljwdos-35b2803df88267289f30b10a5f059e3e '   itemscope=\"itemscope\" itemtype=\"https:\/\/schema.org\/CreativeWork\" ><div class='avia_textblock'  itemprop=\"text\" ><h3><span style=\"color: #189ce8;\">2001<\/span><\/h3>\n<p>Zog sich Herr Pierre M\u00fchlematter aus dem Gesch\u00e4ft zur\u00fcck und \u00fcbergab dieses den neuen Inhabern Herr Dominique Vuillemin und Herr Andreas Blatter.<\/p>\n<\/div><\/section><\/div>\n<style type=\"text\/css\" data-created_by=\"avia_inline_auto\" id=\"style-css-av-1vyrx-815ef0267fe6c50feb122b38fcc5e74c\">\n.flex_column.av-1vyrx-815ef0267fe6c50feb122b38fcc5e74c{\nborder-radius:0px 0px 0px 0px;\npadding:0px 0px 0px 0px;\n}\n<\/style>\n<div  class='flex_column av-1vyrx-815ef0267fe6c50feb122b38fcc5e74c av_one_third  avia-builder-el-6  el_after_av_one_third  el_before_av_one_third  flex_column_div av-zero-column-padding  column-top-margin'     ><section  class='av_textblock_section av-jiljwdos-35b2803df88267289f30b10a5f059e3e '   itemscope=\"itemscope\" itemtype=\"https:\/\/schema.org\/CreativeWork\" ><div class='avia_textblock'  itemprop=\"text\" ><h3><span style=\"color: #189ce8;\">1991<\/span><\/h3>\n<p>Umzug der Firma M\u00fchlematter SA von der Spitalstrasse 25 an die Alexander-Moserstrasse 76 und sp\u00e4ter an die Alexander-Moserstrasse 72 in Biel.<\/p>\n<\/div><\/section><\/div>\n<style type=\"text\/css\" data-created_by=\"avia_inline_auto\" id=\"style-css-av-1lm39-86c727cf94f0c10fe3d2e3c48faba086\">\n.flex_column.av-1lm39-86c727cf94f0c10fe3d2e3c48faba086{\nborder-radius:0px 0px 0px 0px;\npadding:0px 0px 0px 0px;\n}\n<\/style>\n<div  class='flex_column av-1lm39-86c727cf94f0c10fe3d2e3c48faba086 av_one_third  avia-builder-el-8  el_after_av_one_third  el_before_av_one_third  first flex_column_div av-zero-column-padding  column-top-margin'     ><section  class='av_textblock_section av-jiljwdos-35b2803df88267289f30b10a5f059e3e '   itemscope=\"itemscope\" itemtype=\"https:\/\/schema.org\/CreativeWork\" ><div class='avia_textblock'  itemprop=\"text\" ><h3><span style=\"color: #189ce8;\">1969<\/span><\/h3>\n<p>Gr\u00fcndung einer Aktiengesellschaft durch den Sohn Herr Pierre M\u00fchlematter. Inhaber des Unternehmens bis 2001.<\/p>\n<\/div><\/section><\/div>\n<style type=\"text\/css\" data-created_by=\"avia_inline_auto\" id=\"style-css-av-35zd-10ca70bd947e2cffbb6fedc61f3f62d1\">\n.flex_column.av-35zd-10ca70bd947e2cffbb6fedc61f3f62d1{\nborder-radius:0px 0px 0px 0px;\npadding:0px 0px 0px 0px;\n}\n<\/style>\n<div  class='flex_column av-35zd-10ca70bd947e2cffbb6fedc61f3f62d1 av_one_third  avia-builder-el-10  el_after_av_one_third  avia-builder-el-last  flex_column_div av-zero-column-padding  column-top-margin'     ><section  class='av_textblock_section av-jiljwdos-35b2803df88267289f30b10a5f059e3e '   itemscope=\"itemscope\" itemtype=\"https:\/\/schema.org\/CreativeWork\" ><div class='avia_textblock'  itemprop=\"text\" ><h3><span style=\"color: #189ce8;\">1947<\/span><\/h3>\n<p>Gr\u00fcndete Herr Charles M\u00fchlematter die gleichnamige Firma M\u00fchlematter mit Sitz an der Spitalstrasse 25 in Biel.<\/p>\n<\/div><\/section><\/div><\/p>\n","protected":false},"excerpt":{"rendered":"","protected":false},"author":1,"featured_media":0,"parent":0,"menu_order":1,"comment_status":"closed","ping_status":"closed","template":"","meta":{"footnotes":""},"class_list":["post-65","page","type-page","status-publish","hentry"],"_links":{"self":[{"href":"https:\/\/muehlemattersa.ch\/de\/wp-json\/wp\/v2\/pages\/65","targetHints":{"allow":["GET"]}}],"collection":[{"href":"https:\/\/muehlemattersa.ch\/de\/wp-json\/wp\/v2\/pages"}],"about":[{"href":"https:\/\/muehlemattersa.ch\/de\/wp-json\/wp\/v2\/types\/page"}],"author":[{"embeddable":true,"href":"https:\/\/muehlemattersa.ch\/de\/wp-json\/wp\/v2\/users\/1"}],"replies":[{"embeddable":true,"href":"https:\/\/muehlemattersa.ch\/de\/wp-json\/wp\/v2\/comments?post=65"}],"version-history":[{"count":6,"href":"https:\/\/muehlemattersa.ch\/de\/wp-json\/wp\/v2\/pages\/65\/revisions"}],"predecessor-version":[{"id":71,"href":"https:\/\/muehlemattersa.ch\/de\/wp-json\/wp\/v2\/pages\/65\/revisions\/71"}],"wp:attachment":[{"href":"https:\/\/muehlemattersa.ch\/de\/wp-json\/wp\/v2\/media?parent=65"}],"curies":[{"name":"wp","href":"https:\/\/api.w.org\/{rel}","templated":true}]}}

<style type="text/css" data-created_by="avia_inline_auto" id="style-css-av-3rz5l-c5b317cf254ae660e8a9ccac0d86788b">
.flex_column.av-3rz5l-c5b317cf254ae660e8a9ccac0d86788b{
border-radius:0px 0px 0px 0px;
padding:0px 0px 0px 0px;
}
</style>
<div  class='flex_column av-3rz5l-c5b317cf254ae660e8a9ccac0d86788b av_one_full  avia-builder-el-0  el_before_av_one_third  avia-builder-el-first  first flex_column_div av-zero-column-padding  '     ><style type="text/css" data-created_by="avia_inline_auto" id="style-css-av-jiljvwdp-151e4cb54029428bc2c88ca6f1e1760e">
#top .av-special-heading.av-jiljvwdp-151e4cb54029428bc2c88ca6f1e1760e{
padding-bottom:10px;
}
body .av-special-heading.av-jiljvwdp-151e4cb54029428bc2c88ca6f1e1760e .av-special-heading-tag .heading-char{
font-size:25px;
}
.av-special-heading.av-jiljvwdp-151e4cb54029428bc2c88ca6f1e1760e .av-subheading{
font-size:15px;
}
</style>
<div  class='av-special-heading av-jiljvwdp-151e4cb54029428bc2c88ca6f1e1760e av-special-heading-h3  avia-builder-el-1  avia-builder-el-no-sibling '><h3 class='av-special-heading-tag '  itemprop="headline"  >Geschichte der Firma Mühlematter SA</h3><div class="special-heading-border"><div class="special-heading-inner-border"></div></div></div></div>
<style type="text/css" data-created_by="avia_inline_auto" id="style-css-av-39ced-11fb856b48fd27fcbb8dc552d11470da">
.flex_column.av-39ced-11fb856b48fd27fcbb8dc552d11470da{
border-radius:0px 0px 0px 0px;
padding:0px 0px 0px 0px;
}
</style>
<div  class='flex_column av-39ced-11fb856b48fd27fcbb8dc552d11470da av_one_third  avia-builder-el-2  el_after_av_one_full  el_before_av_one_third  first flex_column_div av-zero-column-padding  column-top-margin'     ><section  class='av_textblock_section av-jiljwdos-35b2803df88267289f30b10a5f059e3e '   itemscope="itemscope" itemtype="https://schema.org/CreativeWork" ><div class='avia_textblock'  itemprop="text" ><h3><span style="color: #189ce8;">2008</span></h3>
<p>Zogen die neuen Inhaber von der Alexander-Moserstrasse 72 an den Zionsweg 36, wo sich heute der neue Geschäftssitz befindet.</p>
</div></section></div>
<style type="text/css" data-created_by="avia_inline_auto" id="style-css-av-2jy4h-e9608fc054f527fabba3a303107ec26c">
.flex_column.av-2jy4h-e9608fc054f527fabba3a303107ec26c{
border-radius:0px 0px 0px 0px;
padding:0px 0px 0px 0px;
}
</style>
<div  class='flex_column av-2jy4h-e9608fc054f527fabba3a303107ec26c av_one_third  avia-builder-el-4  el_after_av_one_third  el_before_av_one_third  flex_column_div av-zero-column-padding  column-top-margin'     ><section  class='av_textblock_section av-jiljwdos-35b2803df88267289f30b10a5f059e3e '   itemscope="itemscope" itemtype="https://schema.org/CreativeWork" ><div class='avia_textblock'  itemprop="text" ><h3><span style="color: #189ce8;">2001</span></h3>
<p>Zog sich Herr Pierre Mühlematter aus dem Geschäft zurück und übergab dieses den neuen Inhabern Herr Dominique Vuillemin und Herr Andreas Blatter.</p>
</div></section></div>
<style type="text/css" data-created_by="avia_inline_auto" id="style-css-av-1vyrx-815ef0267fe6c50feb122b38fcc5e74c">
.flex_column.av-1vyrx-815ef0267fe6c50feb122b38fcc5e74c{
border-radius:0px 0px 0px 0px;
padding:0px 0px 0px 0px;
}
</style>
<div  class='flex_column av-1vyrx-815ef0267fe6c50feb122b38fcc5e74c av_one_third  avia-builder-el-6  el_after_av_one_third  el_before_av_one_third  flex_column_div av-zero-column-padding  column-top-margin'     ><section  class='av_textblock_section av-jiljwdos-35b2803df88267289f30b10a5f059e3e '   itemscope="itemscope" itemtype="https://schema.org/CreativeWork" ><div class='avia_textblock'  itemprop="text" ><h3><span style="color: #189ce8;">1991</span></h3>
<p>Umzug der Firma Mühlematter SA von der Spitalstrasse 25 an die Alexander-Moserstrasse 76 und später an die Alexander-Moserstrasse 72 in Biel.</p>
</div></section></div>
<style type="text/css" data-created_by="avia_inline_auto" id="style-css-av-1lm39-86c727cf94f0c10fe3d2e3c48faba086">
.flex_column.av-1lm39-86c727cf94f0c10fe3d2e3c48faba086{
border-radius:0px 0px 0px 0px;
padding:0px 0px 0px 0px;
}
</style>
<div  class='flex_column av-1lm39-86c727cf94f0c10fe3d2e3c48faba086 av_one_third  avia-builder-el-8  el_after_av_one_third  el_before_av_one_third  first flex_column_div av-zero-column-padding  column-top-margin'     ><section  class='av_textblock_section av-jiljwdos-35b2803df88267289f30b10a5f059e3e '   itemscope="itemscope" itemtype="https://schema.org/CreativeWork" ><div class='avia_textblock'  itemprop="text" ><h3><span style="color: #189ce8;">1969</span></h3>
<p>Gründung einer Aktiengesellschaft durch den Sohn Herr Pierre Mühlematter. Inhaber des Unternehmens bis 2001.</p>
</div></section></div>
<style type="text/css" data-created_by="avia_inline_auto" id="style-css-av-35zd-10ca70bd947e2cffbb6fedc61f3f62d1">
.flex_column.av-35zd-10ca70bd947e2cffbb6fedc61f3f62d1{
border-radius:0px 0px 0px 0px;
padding:0px 0px 0px 0px;
}
</style>
<div  class='flex_column av-35zd-10ca70bd947e2cffbb6fedc61f3f62d1 av_one_third  avia-builder-el-10  el_after_av_one_third  avia-builder-el-last  flex_column_div av-zero-column-padding  column-top-margin'     ><section  class='av_textblock_section av-jiljwdos-35b2803df88267289f30b10a5f059e3e '   itemscope="itemscope" itemtype="https://schema.org/CreativeWork" ><div class='avia_textblock'  itemprop="text" ><h3><span style="color: #189ce8;">1947</span></h3>
<p>Gründete Herr Charles Mühlematter die gleichnamige Firma Mühlematter mit Sitz an der Spitalstrasse 25 in Biel.</p>
</div></section></div></p>
